{"id":86,"date":"2019-01-15T11:54:48","date_gmt":"2019-01-15T09:54:48","guid":{"rendered":"http:\/\/svabarcelona.com\/nova\/?page_id=86"},"modified":"2019-04-16T16:39:47","modified_gmt":"2019-04-16T14:39:47","slug":"serveis-durgencia-hospitalaris","status":"publish","type":"page","link":"https:\/\/svabarcelona.com\/ca\/serveis\/serveis-durgencia-hospitalaris\/","title":{"rendered":"SERVEIS D\u2019URG\u00c8NCIA HOSPITALARIS"},"content":{"rendered":"\r\n<p>SVABARCELONA compta amb una \u00e0mplia experi\u00e8ncia en la gesti\u00f3 de professionals de serveis d&#8217;urg\u00e8ncies hospitalaris a tot Catalunya.\u00a0<\/p>\r\n<p>Amb una traject\u00f2ria que es va iniciar el 2012 amb l&#8217;acord de gesti\u00f3 d&#8217;urg\u00e8ncies amb Cl\u00ednica Tres Torres de Barcelona, \u200b\u200bSVABARCELONA gestiona equips humans que han at\u00e8s serveis d&#8217;urg\u00e8ncia d&#8217;hospitals tant p\u00fablics com privats a les quatre prov\u00edncies catalanes (Barcelona, \u200b\u200bLleida, Girona i Tarragona).<\/p>\r\n","protected":false},"excerpt":{"rendered":"<p>SVABARCELONA compta amb una \u00e0mplia experi\u00e8ncia en la gesti\u00f3 de professionals de serveis d&#8217;urg\u00e8ncies hospitalaris a tot Catalunya.\u00a0 Amb una traject\u00f2ria que es va iniciar el 2012 amb l&#8217;acord de gesti\u00f3 d&#8217;urg\u00e8ncies amb Cl\u00ednica Tres Torres de Barcelona, \u200b\u200bSVABARCELONA gestiona equips humans que han at\u00e8s serveis d&#8217;urg\u00e8ncia d&#8217;hospitals tant p\u00fablics com privats a les quatre &hellip; <a href=\"https:\/\/svabarcelona.com\/ca\/serveis\/serveis-durgencia-hospitalaris\/\" class=\"more-link\">Continua la lectura de <span class=\"screen-reader-text\">SERVEIS D\u2019URG\u00c8NCIA HOSPITALARIS<\/span> <span class=\"meta-nav\">&rarr;<\/span><\/a><\/p>\n","protected":false},"author":1,"featured_media":0,"parent":65,"menu_order":0,"comment_status":"closed","ping_status":"closed","template":"page-serveisdins.php","meta":{"_acf_changed":false,"footnotes":""},"acf":[],"_links":{"self":[{"href":"https:\/\/svabarcelona.com\/ca\/wp-json\/wp\/v2\/pages\/86"}],"collection":[{"href":"https:\/\/svabarcelona.com\/ca\/wp-json\/wp\/v2\/pages"}],"about":[{"href":"https:\/\/svabarcelona.com\/ca\/wp-json\/wp\/v2\/types\/page"}],"author":[{"embeddable":true,"href":"https:\/\/svabarcelona.com\/ca\/wp-json\/wp\/v2\/users\/1"}],"replies":[{"embeddable":true,"href":"https:\/\/svabarcelona.com\/ca\/wp-json\/wp\/v2\/comments?post=86"}],"version-history":[{"count":9,"href":"https:\/\/svabarcelona.com\/ca\/wp-json\/wp\/v2\/pages\/86\/revisions"}],"predecessor-version":[{"id":719,"href":"https:\/\/svabarcelona.com\/ca\/wp-json\/wp\/v2\/pages\/86\/revisions\/719"}],"up":[{"embeddable":true,"href":"https:\/\/svabarcelona.com\/ca\/wp-json\/wp\/v2\/pages\/65"}],"wp:attachment":[{"href":"https:\/\/svabarcelona.com\/ca\/wp-json\/wp\/v2\/media?parent=86"}],"curies":[{"name":"wp","href":"https:\/\/api.w.org\/{rel}","templated":true}]}}

SERVEIS D’URGÈNCIA HOSPITALARIS

<p>SVABARCELONA compta amb una àmplia experiència en la gestió de professionals de serveis d&#8217;urgències hospitalaris a tot Catalunya. </p>
<p>Amb una trajectòria que es va iniciar el 2012 amb l&#8217;acord de gestió d&#8217;urgències amb Clínica Tres Torres de Barcelona, ​​SVABARCELONA gestiona equips humans que han atès serveis d&#8217;urgència d&#8217;hospitals tant públics com privats a les quatre províncies catalanes (Barcelona, ​​Lleida, Girona i Tarragona).</p>

<p>SVABARCELONA compta amb una àmplia experiència en la gestió de professionals de serveis d&#8217;urgències hospitalaris a tot Catalunya.  Amb una trajectòria que es va iniciar el 2012 amb l&#8217;acord de gestió d&#8217;urgències amb Clínica Tres Torres de Barcelona, ​​SVABARCELONA gestiona equips humans que han atès serveis d&#8217;urgència d&#8217;hospitals tant públics com privats a les quatre &hellip; <a href="https://svabarcelona.com/ca/serveis/serveis-durgencia-hospitalaris/" class="more-link">Continua la lectura de <span class="screen-reader-text">SERVEIS D’URGÈNCIA HOSPITALARIS</span> <span class="meta-nav">&rarr;</span></a></p>
